e s(3). Let v = o - 31. Let t = v + 57. Calculate the remainder when t is divided by 9.
6
Let b = 18 + -13. Let t = 89 - 44. Calculate the remainder when t is divided by 2 + b + -3 - -20.
21
Let k(f) = -f**2 - 5*f - 7. Let r be k(-2). Let h = 2 - r. Suppose p + 2 - 5 = 0. What is the remainder when p is divided by h?
0
What is the remainder when 36 is divided by ((-60)/(-14))/((-10)/(-35))?
6
Let l be (-2)/((-129)/42 + 3). Let m be (8/(-10))/((-5)/(-100)). Let o = l + m. What is the remainder when 47 is divided by o?
11
Suppose 97*m = 108*m - 6094. Calculate the remainder when m is divided by 15.
14
Suppose t + 45 = 3*n + 3*n, -13 = -2*n + t. Calculate the remainder when 18 is divided by n.
2
Suppose 5*y = 4*d - 113, 15*y = 3*d + 10*y - 86. What is the remainder when d is divided by 11?
5
Let n = -6 + 0. Let f = 9 + n. Suppose -3*h = -h - 4, -q + f*h = 0. What is the remainder when 21 is divided by q?
3
Let b = 36 + -24. Let a(v) = 3*v + 2*v**3 - 3 + 12*v**2 - 2*v - v**3 - 2*v**3. Calculate the remainder when 26 is divided by a(b).
8
Let t = -1862 + 1880. Calculate the remainder when 1184 is divided by t.
14
Let j be 1/((-35)/15 + 2). Calculate the remainder when 4 is divided by 21/(-9) + 3 - 7/j.
1
Let o = -8 + 11. Suppose 22 + 6 = 4*h. What is the remainder when h is divided by o - 4/20*5?
1
Suppose -34*f + 3*f = -837. Calculate the remainder when 147 is divided by f.
12
Suppose -162*l - 580 = -164*l. Calculate the remainder when l/6 + (-12)/(-18) is divided by 25.
24
Suppose 33*n - 1254 = -24*n. What is the remainder when 173 is divided by n?
19
Suppose 30*i - 93 = 207. Calculate the remainder when 53 is divided by i.
3
Calculate the remainder when 44 is divided by (1*(-1)/(-4))/(42/3864).
21
Suppose f + 32 - 47 = 0. Calculate the remainder when (-12)/f*3/(12/(-1130)) is divided by 38.
36
Let k be 3*(3 + (-66)/18). Let m(j) = j + 16. What is the remainder when 37 is divided by m(k)?
9
Suppose -3*w - 264 = -7*w. Suppose -4*q - 82 = -2*i, 3*q = 3*i + w - 198. Calculate the remainder when i is divided by (-1)/(-3) - 47/(-3).
15
Let y(h) = h**2 + 17*h - 85. What is the remainder when y(-30) is divided by 77?
74
Let c = -891 + 897. Calculate the remainder when 61 is divided by c.
1
Suppose a - 179 = -3*j, -57*a - 3*j + 367 = -55*a. Calculate the remainder when a is divided by 27.
26
Let d = -591 + 792. Calculate the remainder when d is divided by 17.
14
Suppose -551 = -4*z - 163. What is the remainder when 190 is divided by z?
93
Let a(f) = f + 30. What is the remainder when 143 is divided by a(-12)?
17
Let z = -29 + 20. Let a be 3 + (3 - 1)*z. Let x = 26 + a. Calculate the remainder when x is divided by 4.
3
Suppose o = 5*t + 48, o - 6 = -t - 4*o. Calculate the remainder when t/(-12) - 1 - (-1239)/28 is divided by 23.
21
Calculate the remainder when (-2)/(-2) + (-7)/(35/(-650)) is divided by 38.
17
Let y(q) = q**2 + q + 29. Suppose -5*h - 21 = -61. What is the remainder when y(0) is divided by h?
5
Let k(u) = -4*u - 2. Let m(c) = -7*c - 5. Let i(s) = -5*k(s) + 3*m(s). What is the remainder when i(-22) is divided by 8?
1
Let s = 118 - 42. What is the remainder when s is divided by (104/(-56))/((-8)/56)?
11
Suppose -u = -0 - 4. Calculate the remainder when ((-44)/(-8))/(2/4) is divided by u.
3
Let t(r) = -3*r + 21. Let p be t(9). Calculate the remainder when 30 is divided by (22 - 0 - 4)/(p/(-4)).
6
Let q(y) = 18*y**2 + 42*y + 6. Let b be q(-11). Suppose -651 = 17*c - b. Calculate the remainder when c is divided by 22.
19
Suppose -4*x + 2*c + 40 = 0, -3*x + 2*c + 8 = -23. Calculate the remainder when 2*(-2 + 108/8) is divided by x.
5
Let f = 57 - 52. Suppose -4*u + f*s = -177, -2*s + 6*s - 94 = -3*u. What is the remainder when 73 is divided by u?
35
Let g(y) = -y**3 + 28*y**2 - 50*y - 47. Let k(f) = -f**2 - f + 6. Calculate the remainder when k(0) is divided by g(26).
1
Let i(n) = -16*n**3 - n**2 + 1. Let a = 169 + -151. Suppose -4*c = -s - 16 - a, -5*c = s - 47. Calculate the remainder when i(-1) is divided by c.
7
Suppose 3*m - 132 = -4*u + u, 0 = 2*u - 2. Suppose -12*y + 104 = -76. What is the remainder when m is divided by y?
13
Suppose -24 = 4*p - 4*u, -25 = 5*p - 2*u - 2*u. Let h = 2 + p. Let w = 25 + -23. What is the remainder when w is divided by h?
0
Suppose -3*c + 4*x + 274 = 0, 165 = 2*c + 2*x - 27. Let d(h) = h**3 - h**2 - 4*h. Calculate the remainder when c is divided by d(4).
30
Suppose -6*o + 0*o = 48. Calculate the remainder when (62 - 1)*o/(-8) is divided by 21.
19
Suppose 23 = 2*c + f, 2*c - 3*f + 7 = 2*f. Let w be 4/(20/15) - 19. Let g = c - w. Calculate the remainder when 98 is divided by g.
23
Let h = -5 - -195. What is the remainder when h is divided by 65?
60
Suppose u = 3*n + 2*u - 204, 285 = 4*n - 3*u. What is the remainder when n is divided by 57?
12
Let s be (-4)/10 - 17/(-5). Let f = 131 + -126. Suppose s*l - 58 = -0*l + f*g, 0 = 4*g + 8. What is the remainder when 29 is divided by l?
13
Suppose 105 = 12*q - 159. Suppose -2*l - 2*f = -q, 14*l - 11*l + f = 43. What is the remainder when 77 is divided by l?
13
Let m = 8 + -20. Let t be (18/8 - 3)*m. Let i = 102 - t. What is the remainder when i is divided by 16?
13
Let j(h) = 0 + 1 + h + 2. Let r be j(0). Suppose -2*u = r*z - 6 - 0, -3*z - 3*u = -3. Calculate the remainder when 7 is divided by z.
3
What is the remainder when 48/24 + 0 + 50 is divided by 15?
7
Let m be ((-16)/24)/((-4)/(-762)) - 0. Let u = 162 + m. What is the remainder when 173 is divided by u?
33
Suppose 0 = 17*r - 6*r - 44. Suppose i + 0*s + 3*s = 129, -r*s = 4. What is the remainder when i is divided by 19?
18
Suppose 0 = -4*d - v + 1267, -8*d + 13*d - 3*v - 1605 = 0. What is the remainder when d is divided by 65?
58
Suppose 80 - 20 = 6*w. Let a(o) be the first derivative of 5*o**4/4 - o**3 + o**2/2 - o - 1. What is the remainder when a(2) is divided by w?
9
Let l = 1 - -1. Suppose -5*m = -5*q - 40, -q = l*m + 7 - 38. What is the remainder when m is divided by 4?
1
Let t = 0 - 0. Let v be ((-453)/(-18) - 6) + 2/(-12). Suppose v = 2*n - l, t*l + 8 = n - l. Calculate the remainder when 19 is divided by n.
8
Let c = -58 + 97. Calculate the remainder when c is divided by 20.
19
Let s = -294 + 433. What is the remainder when s is divided by 35?
34
Suppose 0 = j + 3*j - 24. Suppose j = 2*w - w - 2*v, -3*w = -v - 3. Suppose s - 5 = 0, -2*r + 0*s - 2*s + 42 = w. What is the remainder when 28 is divided by r?
12
What is the remainder when -2*(-1*11 - 2) is divided by 140/28 - (-3)/3*4?
8
Let j be (-4 - -2) + 5 - -31. Let s = -19 + j. Calculate the remainder when 47 - (3 - 0/(-1)) is divided by s.
14
Suppose 4*l - 3*d = 2*l + 23, 0 = 4*l - 3*d - 31. Let q(y) be the second derivative of y**4/4 + y**2 + 2*y. What is the remainder when q(l) is divided by 13?
11
Suppose 0 = -n - 4*i + 23, 3*i = 8*i + 10. Let o(g) = g**2 - 5*g + 2. Let m = -10 + 16. Calculate the remainder when n is divided by o(m).
7
What is the remainder when (1 - 1) + (-20624)/(-16) is divided by 15?
14
Let g(t) = t**2 + 3*t + 17. What is the remainder when 57 is divided by g(-5)?
3
Let k = -84 + 102. Let w = 61 - 21. What is the remainder when w is divided by (114/k - 4)*(4 - 1)?
5
Suppose 0 = 6*o - 503 - 103. Let q = 278 - o. Calculate the remainder when q is divided by 45.
42
Let f = -166 + 280. Let h = 42 - 3. Calculate the remainder when f is divided by h.
36
Let b be 74/6 - 1/3. Suppose 2*t - 2*l - l = b, -3*t = -2*l - 18. Let d(r) = -r**2 - 4*r + 1. Calculate the remainder when t is divided by d(-3).
2
Let n = -158 - -251. Suppose 72 = 3*f + 4*k, -k + 24 = f + 3*k. What is the remainder when n is divided by f?
21
Calculate the remainder when 2 + 1228/24 + (-4)/24 is divided by 8/(-6)*54/(-4).
17
Let j(n) = 13*n**2 - n + 1. Let a(y) = -y**3 + 2*y. Let z be a(-4). Let q = 81 - z. What is the remainder when q is divided by j(1)?
12
Suppose -11*i + 872 = -613. Calculate the remainder when i is divided by 35.
30
Let k be 3 - ((-12)/7)/((-16)/168). Calculate the remainder when 154 is divided by (5 - (-69)/k)/((-2)/(-265)).
48
Suppose -25*r = -41 - 2059. What is the remainder when r is divided by (0 - 2)*(-34)/4?
16
Let d = 653 + -598. What is the remainder when 214 is divided by d?
49
Let v be -149 + 0 + (-30)/6. Let t = v - -166. Calculate